me factors of 1801909?
41, 71, 619
What are the prime factors of 1651125?
3, 5, 7, 17, 37
List the prime factors of 186522.
2, 3, 7, 4441
What are the prime factors of 1084803?
3, 29, 37, 337
List the prime factors of 6209303.
37, 283, 593
What are the prime factors of 203101?
83, 2447
What are the prime factors of 375299?
59, 6361
What are the prime factors of 137858?
2, 7, 43, 229
List the prime factors of 189083.
23, 8221
List the prime factors of 198617.
31, 43, 149
List the prime factors of 1154554.
2, 19, 23, 1321
What are the prime factors of 17613860?
2, 5, 11, 23, 59
What are the prime factors of 424216?
2, 13, 4079
List the prime factors of 429675.
3, 5, 17, 337
List the prime factors of 108126.
2, 3, 6007
What are the prime factors of 398607?
3, 11, 47, 257
List the prime factors of 39997440.
2, 3, 5, 7, 31
List the prime factors of 6254.
2, 53, 59
What are the prime factors of 58970?
2, 5, 5897
What are the prime factors of 1573132?
2, 11, 35753
List the prime factors of 106671.
3, 31, 37
What are the prime factors of 764170?
2, 5, 11, 6947
List the prime factors of 4993186.
2, 11, 47, 439
List the prime factors of 6792069.
3, 31, 199, 367
What are the prime factors of 1765963?
23, 76781
List the prime factors of 7340203.
13, 269, 2099
List the prime factors of 779611.
7, 111373
List the prime factors of 1063380.
2, 3, 5, 37, 479
What are the prime factors of 2499717?
3, 11, 211, 359
List the prime factors of 1948026.
2, 3, 149, 2179
What are the prime factors of 2867275?
5, 114691
What are the prime factors of 18663848?
2, 7, 333283
What are the prime factors of 490626?
2, 3, 97, 281
What are the prime factors of 1408589?
7, 13, 23, 673
List the prime factors of 10926214.
2, 13, 29, 43, 337
List the prime factors of 944404.
2, 179, 1319
List the prime factors of 3704295.
3, 5, 7, 35279
What are the prime factors of 257148?
2, 3, 2381
List the prime factors of 290977.
41, 47, 151
List the prime factors of 333121.
43, 61, 127
What are the prime factors of 1062829?
97, 10957
What are the prime factors of 166938?
2, 3, 27823
What are the prime factors of 215536?
2, 19, 709
What are the prime factors of 83128?
2, 10391
What are the prime factors of 527054?
2, 11, 23957
What are the prime factors of 18624702?
2, 3, 83, 149, 251
List the prime factors of 649084.
2, 263, 617
What are the prime factors of 8483307?
3, 7, 613, 659
What are the prime factors of 735580?
2, 5, 36779
What are the prime factors of 1578887?
103, 15329
List the prime factors of 2031109.
17, 157, 761
What are the prime factors of 29495521?
11, 1013, 2647
List the prime factors of 73138.
2, 13, 29, 97
List the prime factors of 342015.
3, 5, 151
What are the prime factors of 33567?
3, 67, 167
What are the prime factors of 10979520?
2, 3, 5, 11437
What are the prime factors of 1916842?
2, 29, 33049
List the prime factors of 30845.
5, 31, 199
List the prime factors of 2912438.
2, 1456219
List the prime factors of 288337.
7, 17, 2423
List the prime factors of 13997297.
89, 157273
What are the prime factors of 658971?
3, 17, 59, 73
List the prime factors of 5461498.
2, 7, 390107
What are the prime factors of 240483?
3, 19, 4219
List the prime factors of 4204120.
2, 5, 61, 1723
List the prime factors of 341165.
5, 11, 6203
What are the prime factors of 2994375?
3, 5, 1597
List the prime factors of 89831.
7, 41, 313
List the prime factors of 278959.
71, 3929
List the prime factors of 2731771.
7, 29, 13457
What are the prime factors of 4272649?
37, 3121
List the prime factors of 201189.
3, 199, 337
What are the prime factors of 13406528?
2, 209477
What are the prime factors of 2366015?
5, 473203
List the prime factors of 95104.
2, 743
List the prime factors of 450881.
450881
List the prime factors of 1999707.
3, 173, 3853
What are the prime factors of 1741299?
3, 7, 283, 293
List the prime factors of 3232.
2, 101
What are the prime factors of 1223146?
2, 37, 16529
What are the prime factors of 8378398?
2, 7, 598457
What are the prime factors of 176862?
2, 3, 7, 4211
List the prime factors of 120834.
2, 3, 7, 137
What are the prime factors of 110321?
110321
What are the prime factors of 320353?
11, 29123
List the prime factors of 28283.
28283
List the prime factors of 60027.
3, 11, 17, 107
What are the prime factors of 441997?
19, 43, 541
What are the prime factors of 797614?
2, 41, 71, 137
List the prime factors of 106569.
3, 3947
What are the prime factors of 10548642?
2, 3, 13, 101, 103
What are the prime factors of 218702?
2, 11, 9941
What are the prime factors of 6509416?
2, 813677
List the prime factors of 26647.
26647
List the prime factors of 577558.
2, 17, 16987
What are the prime factors of 182281?
11, 73, 227
What are the prime factors of 6847671?
3, 137, 16661
What are the prime factors of 39014?
2, 19507
List the prime factors of 147946.
2, 73973
What are the prime factors of 1018451?
7, 29, 173
List the prime factors of 30607.
127, 241
What are the prime factors of 2922030?
2, 3, 5, 32467
List the prime factors of 9708151.
653, 14867
List the prime factors of 391654.
2, 31, 6317
List the prime factors of 13796805.
3, 5, 11, 83617
What are the prime factors of 1840256?
2, 11, 1307
What are the prime factors of 10718379?
3, 7, 56711
What are the prime factors of 7285829?
1657, 4397
List the prime factors of 217742.
2, 7, 103, 151
What are the prime factors of 1009369?
1009369
What are the prime factors of 330742?
2, 61, 2711
List the prime factors of 357248.
2, 2791
List the prime factors of 600792.
2, 3, 25033
List the prime factors of 7700026.
2, 3850013
What are the prime factors of 415842?
2, 3, 7, 9901
List the prime factors of 424321.
211, 2011
What are the prime factors of 1168334?
2, 584167
What are the prime factors of 790653?
3, 17, 37, 419
List the prime factors of 293404.
2, 73351
What are the prime factors of 96095?
5, 19219
List the prime factors of 12894440.
2, 5, 13, 137, 181
What are the prime factors of 595508?
2, 53
List the prime factors of 8186733.
3, 909637
List the prime factors of 638908.
2, 211, 757
What are the prime factors of 851192?
2, 103, 1033
What are the prime factors of 377406?
2, 3, 29, 241
What are the prime factors of 2255620?
2, 5, 29, 3889
What are the prime factors of 44256695?
5, 7, 17, 74381
List the prime factors of 441923.
441923
What are the prime factors of 82120?
2, 5, 2053
What are the prime factors of 3199067?
3199067
List the prime factors of 71992.
2, 8999
List the prime factors of 921855.
3, 5, 11, 37, 151
What are the prime factors of 966956?
2, 241739
List the prime factors of 3642250.
2, 5, 17, 857
List the prime factors of 1098342.
2, 3, 7, 23, 379
List the prime factors of 4388998.
2, 23, 95413
List the prime factors of 133566.
2, 3, 113, 197
List the prime factors of 1188050.
2, 5, 23761
What are the prime factors of 2455753?
839, 2927
What are the prime factors of 1848601?
257, 7193
What are the prime factors of 2264316?
2, 3, 188693
What are the prime factors of 8001516?
2, 3, 23, 53, 547
List the prime factors of 2324872.
2, 11, 29, 911
List the prime factors of 1177240.
2, 5, 19, 1549
What are the prime factors of 237172?
2, 13, 4561
What are the prime factors of 2534704?
2, 158419
List the prime factors of 741893.
19, 39047
What are the prime factors of 4798875?
3, 5, 67, 191
What are the prime factors of 254652?
2, 3, 21221
List the prime factors of 192225.
3, 5, 11, 233
List the prime factors of 2198757.
3, 11, 66629
List the prime factors of 4628225.
5, 7, 53, 499
What are the prime factors of 1538364?
2, 3, 17, 7541
What are the prime factors of 921076?
2, 13, 17713
What are the prime factors of 1355586?
2, 3, 225931
List the prime factors of 1431608.
2, 178951
List the prime factors of 170460.
2, 3, 5, 947
List the prime factors of 1075839.
3, 358613
List the prime factors of 98877.
3, 23, 1433
List the prime factors of 7656760.
2, 5, 67, 2857
List the prime factors of 4757982.
2, 3, 103, 7699
What are the prime factors of 29903605?
5, 109, 54869
List the prime factors of 317875.
5, 2543
List the prime factors of 1582219.
653, 2423
List the prime factors of 41277.
3, 13759
List the prime factors of 7539006.
2, 3, 107, 11743
What are the prime factors of 2369508?
2, 3, 379, 521
What are the pr